igit of 1*(w + 3)*t/(-6)?
6
Let n(i) = -1357*i - 133. What is the units digit of n(-4)?
5
Let s(o) = 2*o**3 - 2*o**2 - 5*o + 2. Let m be s(4). Let h = m - -289. Suppose -12 = 5*p - h. What is the tens digit of p?
7
Let c be -1 + 101 + 0 + -1. Let n be (-190)/114 + (-2705)/(-3). Suppose -n = -9*p - c. What is the units digit of p?
9
Suppose -68 - 36 = -13*h. Let c = 304 + h. Let j = c + -197. What is the hundreds digit of j?
1
Suppose -5*d - 5*x - 50 = 0, -d - 2*d + 5*x - 30 = 0. What is the hundreds digit of 6 - (7 + d + -524)?
5
Let c = 46814 - 31046. What is the hundreds digit of c?
7
Let k = 67172 + -23344. What is the thousands digit of k?
3
Suppose 0 = -3*t - 3*u + 21, -3*t + 68*u = 70*u - 19. Suppose -f = -3*l + 1998, 2*f + f + 3334 = t*l. What is the tens digit of l?
6
Suppose -44*a - 3*t = -45*a + 7276, 0 = 3*a + 4*t - 21776. What is the units digit of a?
4
Suppose 0 = -q + 2*q - 2*c - 2, -5*c + 6 = 3*q. Suppose -3*o = -q*u - 21 + 1213, -u + 597 = -2*o. What is the hundreds digit of u?
5
Let t(p) = -p**2 - 44*p - 226. Let o be t(-38). What is the units digit of (0 + 0)/(4 - o) + 263?
3
Suppose -5*z - 2065 = w - 29866, 0 = 5*z - 2*w - 27798. What is the tens digit of z?
6
Suppose -7878*m + 7888*m = 584630. What is the ten thousands digit of m?
5
Let m = -13 - -19. Let z(n) = 1067*n**2 + 4*n + 4. Let r be z(-1). Suppose -1097 = -4*w - m*a + a, -a - r = -4*w. What is the tens digit of w?
6
Let q(b) = -8*b**3 - 7*b**2 + 2*b - 14. Let v(s) = -7*s**3 - 7*s**2 + s - 13. Let a(t) = -6*q(t) + 7*v(t). What is the tens digit of a(-7)?
2
What is the hundreds digit of ((-1548)/(-8))/(2/(-9) + 3650/16020)?
4
Let j(o) = 14*o**2 - 29*o + 120. Suppose 241 = 4*t + 217. What is the units digit of j(t)?
0
Suppose 403 = -6*z - 233. Let b = z - -411. What is the units digit of b?
5
What is the thousands digit of 12295 - (0 - (-195)/13)?
2
Suppose 25650 = 10*d + 5*q, -2*d + 5*q = -3*d + 2556. What is the units digit of d?
6
Let c = -389 + 394. Suppose 9*l - c*l = -2*z + 2272, l = -5*z + 5644. What is the tens digit of z?
2
Suppose -181536 = -4*p - 4*k, -4*p = k - 243220 + 61690. What is the units digit of p?
2
Let y(m) = -33*m**2 - 4*m + 193. Let a(i) = -16*i**2 - 2*i + 110. Let o(g) = 7*a(g) - 4*y(g). Let b be (-21)/(-12) - 2/(-8). What is the units digit of o(b)?
2
Suppose -85*m + 7*m = 178*m - 5171968. What is the units digit of m?
3
Let l(i) = 16*i**2 + 500*i + 92. What is the units digit of l(-37)?
6
Let o = 148 - -51187. What is the hundreds digit of o?
3
Let f = -597 - -75. Let l = f + 1081. Let g = l + -323. What is the units digit of g?
6
Let x = 17 - 14. Let q = x - 2. What is the units digit of 76 - 4*q/1?
2
Suppose -10*s - 768 = -6428. What is the tens digit of s?
6
What is the tens digit of 364064/(-11 + 19) - -9?
1
What is the thousands digit of 12375 + ((2 - (-6 - -8)) + -1)*2?
2
Suppose 110 = -15*s - 115. What is the tens digit of (-12921)/s + 6/(-15)?
6
Suppose 6*y - 39 = -n + 4*y, 2*y + 8 = 0. Suppose 129 = 2*f + n. Let b = 46 - f. What is the units digit of b?
5
Let o(p) = 1987*p**2 + 2*p - 40. What is the thousands digit of o(-2)?
7
Let l(f) = -5*f - 6. Let u be 2/(1/(3/6)). Let k be (u + (12 - 4))*-1. What is the tens digit of l(k)?
3
Let q = -692 + 1536. Let j = 2531 - q. What is the tens digit of j?
8
Let n(v) = v**2 + 5*v + 2. Suppose t + 4 = 0, 2*t + 0*t + 28 = -4*l. Let w be n(l). What is the units digit of -10 + 13 + 21*w?
5
Let k(l) be the first derivative of 5*l**3 + 2*l**2 - 2*l - 31. Suppose 0 = -10*j + 5*j + 5*y - 15, 3*y - 15 = 0. What is the tens digit of k(j)?
6
Let a = -4676 - -48272. What is the units digit of a?
6
Suppose -190560 = -16*j - 49584. What is the thousands digit of j?
8
Let j(f) = f**2 + 1. Let a(h) = h**3 + 12*h**2 + 27*h + 1. Let b(x) = -a(x) + 5*j(x). What is the units digit of b(-10)?
4
Let s be 4/2 + -2 + 5 + 53. Suppose s*g - 3960 = 52*g. What is the units digit of g?
0
Let d(g) = -g**3 + 2*g**2 + 6*g - 5. Let p be d(3). What is the units digit of (-1 - -2)/((0 - p)/(-424))?
6
Suppose -1103*f - 203315 - 136245 = -1123*f. What is the thousands digit of f?
6
Let p = 1 - 5. Let o be (-2)/p*(-4 + (-834)/(-3)). Let g = -8 + o. What is the units digit of g?
9
Let d = -201 + 201. Let w(l) = -30*l + 1767. What is the tens digit of w(d)?
6
Let d(a) = -a**3 - 5*a**2 + a - 25. Let q be d(-6). Suppose -2860 = -18*f + q*f. What is the units digit of f?
0
Let v = 4436 + 8269. Suppose 0 = 32*m - 17*m - v. What is the tens digit of m?
4
Let p be 7*(-15)/20*2*-4. What is the hundreds digit of (-6)/p + 1514/14?
1
Let j = -48 - -47. Let g be 68 - (j/(3 + -4) + 2). Suppose 0 = -3*l + 6*w - w + 275, l + 5*w = g. What is the units digit of l?
5
Let b(k) = -20550*k**3 - 2*k**2 - 15*k - 12. Let c be b(-1). Suppose -10*u - 1111 + c = 0. What is the thousands digit of u?
1
Let b = -204 - -2. Let m = b - -321. What is the hundreds digit of m?
1
Let u(a) = -a**3 - 7*a**2 + 7*a - 5. Let c be u(-8). Suppose -c*b + 5 = -7. Suppose -52 = -4*v - q, b*v - 2*q - 72 = 2*q. What is the tens digit of v?
1
Let d(l) = -1 + 57*l**3 - 2*l - 31*l**3 - 27*l**3 + 4*l**2. Let h be d(2). Let f(u) = 4*u**3 - 4*u**2 + u - 2. What is the tens digit of f(h)?
7
Suppose -n + 4*i + 65 = 0, n = 6*n + 2*i - 369. Let p = -3370 - -3444. Suppose -n*t = -p*t + 13. What is the units digit of t?
3
Suppose -3*n + 124 = 34. Suppose w + 4*w + n = 0. Let g = 22 + w. What is the tens digit of g?
1
Suppose -2*d - u + 3092 = 0, 20*d - 4*u = 15*d + 7756. What is the hundreds digit of d?
5
Suppose -53*u - 45*u - 3*u + 249066 = 0. What is the thousands digit of u?
2
Let b(r) = 602*r + 1085. What is the thousands digit of b(18)?
1
Let d = -461 + 346. What is the units digit of ((-138)/d)/(2/840)?
4
What is the units digit of 192/36*(7 + 5 + 1560)?
4
What is the hundreds digit of ((-1455048)/(-792) - (-4)/(-22))/1?
8
What is the hundreds digit of (-9)/(99/(-220)) + 79529?
5
Suppose 2*t - 41*o - 45600 = -37*o, -4*t - o + 91209 = 0. What is the tens digit of t?
0
Let a = -5979 + 7304. What is the units digit of a?
5
Let x = 27083 - -24998. What is the hundreds digit of x?
0
Suppose 0 = 2*b + 2*s - 22710, 208*b - 5*s = 206*b + 22689. What is the ten thousands digit of b?
1
Suppose -17*y + 116 = -13*y. Let x = 47 - y. What is the tens digit of 1266/x + 1/(-1 - 2)?
7
Let f = -145 - -32832. What is the hundreds digit of f?
6
Suppose 0 = -24*j + 13276 - 80764. What is the units digit of -3*j/12 - -3?
6
Suppose -28879 = -4*a + 5*h, 7231 = a - 190*h + 185*h. What is the hundreds digit of a?
2
Suppose 10*l = -25913 + 256213. What is the tens digit of l?
3
Let g(n) = -2290*n + 9163. What is the thousands digit of g(-15)?
3
Suppose -4*p + 3*y = -0*y - 2840, -1420 = -2*p - y. Suppose 3*g + p = 4*g. Suppose -17*q = -12*q - g. What is the hundreds digit of q?
1
Let l = -13 + -53. Let x = -99 + -11. Let i = l - x. What is the units digit of i?
4
Let p(q) = -22988*q - 1432. What is the hundreds digit of p(-1)?
5
Suppose -22 = -2*o + 2*t, 3*t - 4 = -5*o + 11. Suppose 240 = o*s - 432. Let d = 237 - s. What is the hundreds digit of d?
1
Let o(t) = -49 - 3*t**2 + 4*t**2 - 43*t + 88*t - 34*t. What is the units digit of o(-15)?
1
Let h be (-320)/(-24)*(-15)/2. Let u = -11 - h. Suppose 2*l - u = -43. What is the tens digit of l?
2
Suppose -4*w = -5*d + 72472, -10*w - 28972 = -2*d - 14*w. What is the tens digit of d?
9
Suppose 6*t + 12 = 36. Suppose -36*g + t*g = -2400. What is the units digit of g?
5
Let i be (-4)/4*(0 + 439). Let s(n) = 40*n**2 + 7*n + 5. Let t be s(-4). Let j = t + i. What is the tens digit of j?
7
Let o(j) = -72*j**3 - 22*j**2 - 19*j + 116. What is the hundreds digit of o(-8)?
7
Let q(j) = 2*j**3 + 17*j**2 - 4*j - 12. Let p be q(-7). Let k = 237 + p. What is the hundreds digit of k?
4
Suppose 3*l = 4*j + 20076, 6711 = l + 17*j - 12*j. Suppose -84*d = -22*d - l. What is the units digit of d?
8
Suppose 100*p - 7*c = 104*p - 21697, 4*c - 10848 = -2*p. What is the thousands digit of p?
5
Let l(c) = -12*c + 114. Let b be l(10). What is the tens digit of 2/1*(6741/b)/(-7)?
2
Let y be (-138)/(-24) - (1 + (-3)/12). Suppose 0 = 4*q - 2*c + 2, q - y*c = -q - 5. Suppose -m = -q*m - 35. What is the tens digit of m?
3
Let c = 573 + -1974. What is the hundreds digit of 230/115 + (1 - c)?
